{"id":15212,"date":"2026-03-30T11:41:24","date_gmt":"2026-03-30T11:41:24","guid":{"rendered":"https:\/\/www.butixsml.com\/?post_type=product&#038;p=15212"},"modified":"2026-03-30T11:41:26","modified_gmt":"2026-03-30T11:41:26","slug":"kadin-uzun-kollu-yuvarlak-yakali-beli-kusakli-desenli-suprem-uzun-elbise","status":"publish","type":"product","link":"http:\/\/www.butixsml.com\/index.php\/urun\/kadin-uzun-kollu-yuvarlak-yakali-beli-kusakli-desenli-suprem-uzun-elbise\/","title":{"rendered":"Kad\u0131n Uzun Kollu Yuvarlak Yakal\u0131 Beli Ku\u015fakl\u0131 Desenli S\u00fcprem Uzun Elbise"},"content":{"rendered":"<p>Kad\u0131n Uzun Kollu Yuvarlak Yakal\u0131 Beli Ku\u015fakl\u0131 Desenli S\u00fcprem Uzun Elbise<\/p>\n<p><\/p>\n<p>Modelin \u00d6l\u00e7\u00fcleri: Boy:165, Kg:55, G\u00f6\u011f\u00fcs:90, Bel:72, Kal\u00e7a: 100<\/p>\n<p><\/p>\n<p>Modelin \u00fczerindeki \u00fcr\u00fcn M\/38 bedendir<\/p>\n<p><\/p>\n<ul>\n<li>TARZ-Di\u011ferleri<\/li>\n<li>YAKA-Di\u011ferleri<\/li>\n<li>DESEN-\u00c7i\u00e7ek Desen<\/li>\n<li>KOL UZUNLUK-Uzun Kol<\/li>\n<li>UZUNLUK-Maxi Boy<\/li>\n<li>EK OZELLIKLER-Bo\u015f\/Ek \u00f6zellik Yok<\/li>\n<li>KALIP-Diger<\/li>\n<li>TARZ-Diger<\/li>\n<\/ul>\n","protected":false},"excerpt":{"rendered":"<p>Kad\u0131n Uzun Kollu Yuvarlak Yakal\u0131 Beli Ku\u015fakl\u0131 Desenli S\u00fcprem Uzun Elbise Modelin \u00d6l\u00e7\u00fcleri: Boy:165, Kg:55, G\u00f6\u011f\u00fcs:90, Bel:72, Kal\u00e7a: 100 Modelin \u00fczerindeki \u00fcr\u00fcn M\/38 bedendir TARZ-Di\u011ferleri YAKA-Di\u011ferleri DESEN-\u00c7i\u00e7ek Desen KOL UZUNLUK-Uzun Kol UZUNLUK-Maxi Boy EK OZELLIKLER-Bo\u015f\/Ek \u00f6zellik Yok KALIP-Diger TARZ-Diger<\/p>\n","protected":false},"featured_media":14573,"comment_status":"open","ping_status":"closed","template":"","meta":{"_kad_post_transparent":"","_kad_post_title":"","_kad_post_layout":"","_kad_post_sidebar_id":"","_kad_post_content_style":"","_kad_post_vertical_padding":"","_kad_post_feature":"","_kad_post_feature_position":"","_kad_post_header":false,"_kad_post_footer":false,"_kad_post_classname":""},"product_brand":[91],"product_cat":[21],"product_tag":[],"class_list":{"0":"post-15212","1":"product","2":"type-product","3":"status-publish","4":"has-post-thumbnail","6":"product_brand-butixsml","7":"product_cat-elbise","9":"first","10":"instock","11":"shipping-taxable","12":"purchasable","13":"product-type-simple","14":"entry","15":"content-bg","16":"loop-entry"},"_links":{"self":[{"href":"http:\/\/www.butixsml.com\/index.php\/wp-json\/wp\/v2\/product\/15212","targetHints":{"allow":["GET"]}}],"collection":[{"href":"http:\/\/www.butixsml.com\/index.php\/wp-json\/wp\/v2\/product"}],"about":[{"href":"http:\/\/www.butixsml.com\/index.php\/wp-json\/wp\/v2\/types\/product"}],"replies":[{"embeddable":true,"href":"http:\/\/www.butixsml.com\/index.php\/wp-json\/wp\/v2\/comments?post=15212"}],"wp:featuredmedia":[{"embeddable":true,"href":"http:\/\/www.butixsml.com\/index.php\/wp-json\/wp\/v2\/media\/14573"}],"wp:attachment":[{"href":"http:\/\/www.butixsml.com\/index.php\/wp-json\/wp\/v2\/media?parent=15212"}],"wp:term":[{"taxonomy":"product_brand","embeddable":true,"href":"http:\/\/www.butixsml.com\/index.php\/wp-json\/wp\/v2\/product_brand?post=15212"},{"taxonomy":"product_cat","embeddable":true,"href":"http:\/\/www.butixsml.com\/index.php\/wp-json\/wp\/v2\/product_cat?post=15212"},{"taxonomy":"product_tag","embeddable":true,"href":"http:\/\/www.butixsml.com\/index.php\/wp-json\/wp\/v2\/product_tag?post=15212"}],"curies":[{"name":"wp","href":"https:\/\/api.w.org\/{rel}","templated":true}]}}