{"id":17447,"date":"2026-03-31T06:24:11","date_gmt":"2026-03-31T06:24:11","guid":{"rendered":"https:\/\/www.butixsml.com\/?post_type=product&#038;p=17447"},"modified":"2026-03-31T06:24:39","modified_gmt":"2026-03-31T06:24:39","slug":"kadin-uzun-kollu-kapsonlu-onden-fermuarli-dugmeli-mini-iki-iplik-elbise","status":"publish","type":"product","link":"http:\/\/www.butixsml.com\/index.php\/urun\/kadin-uzun-kollu-kapsonlu-onden-fermuarli-dugmeli-mini-iki-iplik-elbise\/","title":{"rendered":"Kad\u0131n Uzun Kollu Kap\u015fonlu \u00f6nden Fermuarl\u0131 D\u00fc\u011fmeli Mini Iki Iplik Elbise"},"content":{"rendered":"<p>Kad\u0131n Uzun Kollu Kap\u015fonlu \u00f6nden Fermuarl\u0131 D\u00fc\u011fmeli Mini Iki Iplik Elbise<\/p>\n<p><\/p>\n<p>Modelin \u00d6l\u00e7\u00fcleri: Boy:165, Kg:55, G\u00f6\u011f\u00fcs:90, Bel:72, Kal\u00e7a: 100<\/p>\n<p><\/p>\n<p>Modelin \u00fczerindeki \u00fcr\u00fcn M\/38 bedendir<\/p>\n<p><\/p>\n<ul>\n<li>TARZ-Di\u011ferleri<\/li>\n<li>YAKA-V Yaka<\/li>\n<li>DESEN-Di\u011ferleri<\/li>\n<li>KOL UZUNLUK-Uzun Kol<\/li>\n<li>UZUNLUK-Mini<\/li>\n<li>EK OZELLIKLER-Bo\u015f\/Ek \u00f6zellik Yok<\/li>\n<li>KALIP-Diger<\/li>\n<li>TARZ-Diger<\/li>\n<\/ul>\n","protected":false},"excerpt":{"rendered":"<p>Kad\u0131n Uzun Kollu Kap\u015fonlu \u00f6nden Fermuarl\u0131 D\u00fc\u011fmeli Mini Iki Iplik Elbise Modelin \u00d6l\u00e7\u00fcleri: Boy:165, Kg:55, G\u00f6\u011f\u00fcs:90, Bel:72, Kal\u00e7a: 100 Modelin \u00fczerindeki \u00fcr\u00fcn M\/38 bedendir TARZ-Di\u011ferleri YAKA-V Yaka DESEN-Di\u011ferleri KOL UZUNLUK-Uzun Kol UZUNLUK-Mini EK OZELLIKLER-Bo\u015f\/Ek \u00f6zellik Yok KALIP-Diger TARZ-Diger<\/p>\n","protected":false},"featured_media":17517,"comment_status":"open","ping_status":"closed","template":"","meta":{"_kad_post_transparent":"","_kad_post_title":"","_kad_post_layout":"","_kad_post_sidebar_id":"","_kad_post_content_style":"","_kad_post_vertical_padding":"","_kad_post_feature":"","_kad_post_feature_position":"","_kad_post_header":false,"_kad_post_footer":false,"_kad_post_classname":""},"product_brand":[91],"product_cat":[21],"product_tag":[],"class_list":{"0":"post-17447","1":"product","2":"type-product","3":"status-publish","4":"has-post-thumbnail","6":"product_brand-butixsml","7":"product_cat-elbise","9":"first","10":"instock","11":"shipping-taxable","12":"purchasable","13":"product-type-simple","14":"entry","15":"content-bg","16":"loop-entry"},"_links":{"self":[{"href":"http:\/\/www.butixsml.com\/index.php\/wp-json\/wp\/v2\/product\/17447","targetHints":{"allow":["GET"]}}],"collection":[{"href":"http:\/\/www.butixsml.com\/index.php\/wp-json\/wp\/v2\/product"}],"about":[{"href":"http:\/\/www.butixsml.com\/index.php\/wp-json\/wp\/v2\/types\/product"}],"replies":[{"embeddable":true,"href":"http:\/\/www.butixsml.com\/index.php\/wp-json\/wp\/v2\/comments?post=17447"}],"wp:featuredmedia":[{"embeddable":true,"href":"http:\/\/www.butixsml.com\/index.php\/wp-json\/wp\/v2\/media\/17517"}],"wp:attachment":[{"href":"http:\/\/www.butixsml.com\/index.php\/wp-json\/wp\/v2\/media?parent=17447"}],"wp:term":[{"taxonomy":"product_brand","embeddable":true,"href":"http:\/\/www.butixsml.com\/index.php\/wp-json\/wp\/v2\/product_brand?post=17447"},{"taxonomy":"product_cat","embeddable":true,"href":"http:\/\/www.butixsml.com\/index.php\/wp-json\/wp\/v2\/product_cat?post=17447"},{"taxonomy":"product_tag","embeddable":true,"href":"http:\/\/www.butixsml.com\/index.php\/wp-json\/wp\/v2\/product_tag?post=17447"}],"curies":[{"name":"wp","href":"https:\/\/api.w.org\/{rel}","templated":true}]}}